he remainder when 758463 is divided by 5834?
43
Calculate the remainder when 205294 is divided by 102585.
124
What is the remainder when 66332 is divided by 32658?
1016
What is the remainder when 35994846 is divided by 11998278?
12
What is the remainder when 12524699 is divided by 329?
327
Calculate the remainder when 1373556 is divided by 10723.
1012
Calculate the remainder when 2206731 is divided by 442.
267
Calculate the remainder when 83388942 is divided by 17.
15
Calculate the remainder when 77975 is divided by 38918.
139
Calculate the remainder when 76697531 is divided by 31.
28
Calculate the remainder when 1920776 is divided by 119.
116
Calculate the remainder when 227695 is divided by 214.
213
Calculate the remainder when 46615 is divided by 2438.
293
Calculate the remainder when 258395 is divided by 4446.
527
What is the remainder when 218343 is divided by 2158?
385
Calculate the remainder when 52729842 is divided by 57.
54
What is the remainder when 43365023 is divided by 223?
220
What is the remainder when 77769522 is divided by 47?
32
Calculate the remainder when 714835 is divided by 500.
335
Calculate the remainder when 22898705 is divided by 9900.
5
Calculate the remainder when 2895186 is divided by 5.
1
Calculate the remainder when 5780544 is divided by 3264.
0
What is the remainder when 4061033 is divided by 3813?
188
What is the remainder when 90899112 is divided by 8318?
8
What is the remainder when 35882 is divided by 330?
242
Calculate the remainder when 460924 is divided by 21.
16
Calculate the remainder when 198784 is divided by 7814.
3434
Calculate the remainder when 929075 is divided by 232.
147
What is the remainder when 258563 is divided by 129251?
61
What is the remainder when 20652 is divided by 2794?
1094
Calculate the remainder when 5023554 is divided by 1777.
1752
Calculate the remainder when 37658528 is divided by 9.
8
Calculate the remainder when 65257891 is divided by 58.
3
Calculate the remainder when 8637742 is divided by 13.
9
Calculate the remainder when 9688117 is divided by 4844039.
39
Calculate the remainder when 1497726 is divided by 17.
9
What is the remainder when 1445363 is divided by 59?
40
Calculate the remainder when 44096 is divided by 2411.
698
What is the remainder when 74129 is divided by 73328?
801
What is the remainder when 17301864 is divided by 86944?
8
Calculate the remainder when 149269 is divided by 2131.
99
Calculate the remainder when 255257 is divided by 1068.
5
Calculate the remainder when 169494 is divided by 83833.
1828
Calculate the remainder when 299887 is divided by 4108.
3
Calculate the remainder when 2119019 is divided by 15.
14
What is the remainder when 7491 is divided by 823?
84
What is the remainder when 383688926 is divided by 832297?
9
What is the remainder when 410055 is divided by 18972?
11643
Calculate the remainder when 196240012 is divided by 69.
10
What is the remainder when 1439153 is divided by 168?
65
What is the remainder when 46468 is divided by 4015?
2303
What is the remainder when 2703931 is divided by 1351945?
41
What is the remainder when 27827727 is divided by 215?
62
Calculate the remainder when 897498 is divided by 2387.
2373
Calculate the remainder when 6438887 is divided by 82.
1
Calculate the remainder when 56342 is divided by 3199.
1959
Calculate the remainder when 1530747573 is divided by 119.
117
Calculate the remainder when 300916 is divided by 2640.
2596
What is the remainder when 49858 is divided by 1292?
762
Calculate the remainder when 83347 is divided by 4.
3
Calculate the remainder when 17168089 is divided by 17168071.
18
Calculate the remainder when 1168541 is divided by 291943.
769
What is the remainder when 26862 is divided by 744?
78
Calculate the remainder when 130387152 is divided by 7.
0
What is the remainder when 11595225 is divided by 3720?
3705
What is the remainder when 115285 is divided by 4429?
131
Calculate the remainder when 967128 is divided by 21980.
8
What is the remainder when 12284770 is divided by 6142380?
10
Calculate the remainder when 177738036 is divided by 401.
400
Calculate the remainder when 12457 is divided by 10272.
2185
What is the remainder when 2182248 is divided by 81?
27
Calculate the remainder when 12041 is divided by 1906.
605
Calculate the remainder when 1705919611 is divided by 46.
43
What is the remainder when 354692 is divided by 275?
217
What is the remainder when 1312630 is divided by 328137?
82
Calculate the remainder when 56365389 is divided by 205713.
27
What is the remainder when 70148 is divided by 1066?
858
What is the remainder when 1860441 is divided by 265756?
149
What is the remainder when 9334538 is divided by 1150?
1138
Calculate the remainder when 398186967 is divided by 307.
292
Calculate the remainder when 39226829 is divided by 7960.
7909
What is the remainder when 390032 is divided by 116?
40
Calculate the remainder when 16912720 is divided by 629.
168
What is the remainder when 60742491 is divided by 259?
257
What is the remainder when 300328 is divided by 100104?
16
Calculate the remainder when 713541 is divided by 41963.
170
Calculate the remainder when 983008 is divided by 163824.
64
Calculate the remainder when 33369676 is divided by 473.
472
Calculate the remainder when 431880 is divided by 1611.
132
What is the remainder when 98080 is divided by 9669?
1390
Calculate the remainder when 2187136153 is divided by 307.
306
Calculate the remainder when 430224 is divided by 328.
216
What is the remainder when 392685 is divided by 453?
387
Calculate the remainder when 8684913 is divided by 297.
39
What is the remainder when 2472771 is divided by 2335?
6
Calculate the remainder when 275298 is divided by 2255.
188
What is the remainder when 29334209 is divided by 9778068?
5
Calculate the remainder when 33230587 is divided by 22714.
5
Calculate the remainder when 834016 is divided by 845.
1
Calculate the remainder when 3267980 is divided by 78.
14
Calculate the remainder when 529651 is divided by 290.
111
Calculate the remainder when 28919059 is divided by 2720.
19
What is the remainder when 14388796 is divided by 13?
6
What is the remainder when 165125 is divided by 164953?
172
What is the remainder when 77885177 is divided by 3686?
3683
Calculate the remainder when 9655484 is divided by 877763.
91
What is the remainder when 12185510 is divided by 221?
12
Calculate the remainder when 113009 is divided by 1713.
1664
What is the remainder when 2754750 is divided by 2383?
2
Calculate the remainder when 2370000 is divided by 15089.
1027
What is the remainder when 1414208 is divided by 1073?
1067
Calculate the remainder when 639550 is divided by 41.
32
What is the remainder when 948331 is divided by 316092?
55
What is the remainder when 6836265 is divided by 1573?
7
What is the remainder when 187861743 is divided by 6262057?
33
Calculate the remainder when 5876 is divided by 200.
76
What is the remainder when 109436 is divided by 27326?
132
What is the remainder when 2260 is divided by 453?
448
What is the remainder when 32595400 is divided by 3206?
3204
What is the remainder when 1843692 is divided by 457?
154
What is the remainder when 349336 is divided by 1223?
781
Calculate the remainder when 14110 is divided by 1742.
174
What is the remainder when 3648048 is divided by 1216012?
12
Calculate the remainder when 53586646 is divided by 1422.
1420
Calculate the remainder when 344153 is divided by 6037.
44
What is the remainder when 336565 is divided by 517?
515
Calculate the remainder when 7303606 is divided by 15090.
46
What is the remainder when 840217 is divided by 338?
287
What is the remainder when 403113 is divided by 605?
183
What is the remainder when 5281391 is divided by 81252?
11
What is the remainder when 360638168 is divided by 12?
8
What is the remainder when 105507474 is divided by 51694?
20
Calculate the remainder when 9686889 is divided by 339.
303
Calculate the remainder when 98736 is divided by 150.
36
What is the remainder when 729764 is divided by 2085?
14
What is the remainder when 1403356 is divided by 701650?
56
Calculate the remainder when 65088414 is divided by 6.
0
Calculate the remainder when 8247638 is divided by 19.
4
Calculate the remainder when 189850